{"id":226,"date":"2025-02-10T17:25:33","date_gmt":"2025-02-10T16:25:33","guid":{"rendered":"https:\/\/m-tech.hu\/?page_id=226"},"modified":"2025-02-10T17:25:33","modified_gmt":"2025-02-10T16:25:33","slug":"eszkozpark","status":"publish","type":"page","link":"https:\/\/m-tech.hu\/index.php\/eszkozpark\/","title":{"rendered":"Eszk\u00f6zpark"},"content":{"rendered":"<h1><strong><u>Hangfalaink<\/u><\/strong><\/h1>\n<p><strong>\u00a0<\/strong><\/p>\n<p><strong>Sz\u00e9less\u00e1v\u00fa hangfalak:<\/strong><\/p>\n<p><strong>\u00a0<\/strong><\/p>\n<ul>\n<li><strong>4db Next Proaudio PFA12 akt\u00edv sz\u00e9less\u00e1v\u00fa\/monitor hangfal<\/strong><\/li>\n<li><strong>2db Next Proaudio HFA15 akt\u00edv nagyteljes\u00edtm\u00e9ny\u0171 sz\u00e9less\u00e1v\u00fa hangfal <\/strong><\/li>\n<li><strong>1db Next Audiocom MV12 akt\u00edv sz\u00e9less\u00e1v\u00fa\/monitor hangfal<\/strong><\/li>\n<\/ul>\n<p><strong>\u00a0<\/strong><\/p>\n<p><strong>M\u00e9lysug\u00e1rz\u00f3k:<\/strong><\/p>\n<p><strong>\u00a0<\/strong><\/p>\n<ul>\n<li><strong>2db Next Proaudio PFA18s 18 colos akt\u00edv m\u00e9lysug\u00e1rz\u00f3<\/strong><\/li>\n<li><strong>2db Next Proaudio HFA15s 15 colos akt\u00edv m\u00e9lysug\u00e1rz\u00f3<\/strong><\/li>\n<li><strong>4db Next Proaudio HFA18SHp 18 colos akt\u00edv nagyteljes\u00edtm\u00e9ny\u0171 hyrid t\u00f6lcs\u00e9res m\u00e9lysug\u00e1rz\u00f3<\/strong><\/li>\n<\/ul>\n<p><strong>\u00a0<\/strong><\/p>\n<p><strong><u>F\u00e9ny \u00e9s effekt technikai eszk\u00f6z\u00f6k<\/u><\/strong><\/p>\n<p>&nbsp;<\/p>\n<p><strong>L\u00e1mp\u00e1k:<\/strong><\/p>\n<p>&nbsp;<\/p>\n<ul>\n<li><strong>4db ADJ Focus Spot 4z Pearl feh\u00e9r robotl\u00e1mpa<\/strong><\/li>\n<li><strong>4db Chauvet Dj Intimidator spot 255irc feh\u00e9r robotl\u00e1mpa<\/strong><\/li>\n<li><strong>2db Fractal Lights 12x15W RGBWA+UV IP65 LED Bar<\/strong><\/li>\n<li><strong>4db RGBW nagyteljes\u00edtm\u00e9ny\u0171 der\u00edt\u0151 l\u00e1mpa<\/strong><\/li>\n<li><strong>14db akkumul\u00e1toros f\u00e9nyfest\u0151 l\u00e1mpa<\/strong><\/li>\n<li><strong>2db 36x18w rgbwa-uv wash robotl\u00e1mpa<\/strong><\/li>\n<\/ul>\n<p>&nbsp;<\/p>\n<p><strong>A l\u00e1mp\u00e1kat Gravity \u00e9s K\u00f6nig Mayer talpas \u00e1llv\u00e1nyokon helyezz\u00fck el, amik feh\u00e9r \u00e9s fekete sz\u00ednben is el\u00e9rhet\u0151ek.<\/strong><\/p>\n<p>&nbsp;<\/p>\n<p><strong>Effektg\u00e9pek:<\/strong><\/p>\n<p>&nbsp;<\/p>\n<p><strong>\u00b7\u00a0\u00a0\u00a0\u00a0\u00a0\u00a0 1db ADJ Entour Ice sz\u00e1razj\u00e9gg\u00e9p<\/strong><\/p>\n<p><strong>\u00b7\u00a0\u00a0\u00a0\u00a0\u00a0\u00a0 1db ADJ Entourage v\u00edzb\u00e1zis\u00fa Hazer g\u00e9p<\/strong><\/p>\n<p><strong>\u00b7\u00a0\u00a0\u00a0\u00a0\u00a0\u00a0 2db 5m magas hidegszikra g\u00e9p<\/strong><\/p>\n<p>&nbsp;<\/p>\n<p><strong><u>Mikrofonok:<\/u><\/strong><\/p>\n<p>&nbsp;<\/p>\n<p><strong>\u00b7\u00a0\u00a0\u00a0\u00a0\u00a0\u00a0 3db Sennheiser EW100 G4-945 vezet\u00e9k n\u00e9k\u00fcli mikrofon<\/strong><\/p>\n<p><strong>\u00b7\u00a0\u00a0\u00a0\u00a0\u00a0\u00a0 1db Sennheiser EW100 G4 vezet\u00e9k n\u00e9lk\u00fcli mikroport<\/strong><\/p>\n<p><strong>\u00b7\u00a0\u00a0\u00a0\u00a0\u00a0\u00a0 2db Sennheiser e835 vezet\u00e9kes mikrofon<\/strong><\/p>\n<p>&nbsp;<\/p>\n<p><strong><u>Dj pultok, f\u00e9nyvez\u00e9rl\u0151k, kever\u0151 pultok<\/u><\/strong><\/p>\n<p>&nbsp;<\/p>\n<p><strong>\u00b7\u00a0\u00a0\u00a0\u00a0\u00a0\u00a0 1db Pioneer Dj OPUS QUAD standalone Dj pult<\/strong><\/p>\n<p><strong>\u00b7\u00a0\u00a0\u00a0\u00a0\u00a0\u00a0 1db Denon Dj Prime 2 standalone Dj pult<\/strong><\/p>\n<p><strong>\u00b7\u00a0\u00a0\u00a0\u00a0\u00a0\u00a0 1db Wolfmix W1 MK2 f\u00e9nyvez\u00e9rl\u0151 pult<\/strong><\/p>\n<p><strong>\u00b7\u00a0\u00a0\u00a0\u00a0\u00a0\u00a0 1db Yamaha DM3 digit\u00e1lis kever\u0151pult<\/strong><\/p>\n<p><strong>\u00b7\u00a0\u00a0\u00a0\u00a0\u00a0\u00a0 1db Mackie ONYX 8 anal\u00f3g kever\u0151pult<\/strong><\/p>\n<p><strong>\u00b7\u00a0\u00a0\u00a0\u00a0\u00a0\u00a0 1db Allen Heath Zedi 10 anal\u00f3g kever\u0151pult<\/strong><\/p>\n","protected":false},"excerpt":{"rendered":"<p>Hangfalaink \u00a0 Sz\u00e9less\u00e1v\u00fa hangfalak: \u00a0 4db Next Proaudio PFA12 akt\u00edv sz\u00e9less\u00e1v\u00fa\/monitor hangfal 2db Next Proaudio HFA15 akt\u00edv nagyteljes\u00edtm\u00e9ny\u0171 sz\u00e9less\u00e1v\u00fa hangfal 1db Next Audiocom MV12 akt\u00edv sz\u00e9less\u00e1v\u00fa\/monitor hangfal \u00a0 M\u00e9lysug\u00e1rz\u00f3k: \u00a0 2db Next Proaudio PFA18s 18 colos akt\u00edv m\u00e9lysug\u00e1rz\u00f3 2db Next Proaudio HFA15s 15 colos akt\u00edv m\u00e9lysug\u00e1rz\u00f3 4db Next Proaudio HFA18SHp 18 colos akt\u00edv nagyteljes\u00edtm\u00e9ny\u0171 hyrid [&hellip;]<\/p>\n","protected":false},"author":1,"featured_media":0,"parent":0,"menu_order":0,"comment_status":"closed","ping_status":"closed","template":"","meta":[],"_links":{"self":[{"href":"https:\/\/m-tech.hu\/index.php\/wp-json\/wp\/v2\/pages\/226"}],"collection":[{"href":"https:\/\/m-tech.hu\/index.php\/wp-json\/wp\/v2\/pages"}],"about":[{"href":"https:\/\/m-tech.hu\/index.php\/wp-json\/wp\/v2\/types\/page"}],"author":[{"embeddable":true,"href":"https:\/\/m-tech.hu\/index.php\/wp-json\/wp\/v2\/users\/1"}],"replies":[{"embeddable":true,"href":"https:\/\/m-tech.hu\/index.php\/wp-json\/wp\/v2\/comments?post=226"}],"version-history":[{"count":1,"href":"https:\/\/m-tech.hu\/index.php\/wp-json\/wp\/v2\/pages\/226\/revisions"}],"predecessor-version":[{"id":227,"href":"https:\/\/m-tech.hu\/index.php\/wp-json\/wp\/v2\/pages\/226\/revisions\/227"}],"wp:attachment":[{"href":"https:\/\/m-tech.hu\/index.php\/wp-json\/wp\/v2\/media?parent=226"}],"curies":[{"name":"wp","href":"https:\/\/api.w.org\/{rel}","templated":true}]}}